base 11) in base 14?
-177d0
Convert -625a2 (base 15) to base 12.
-130515
1512006 (base 7) to base 2
110001111111101001
-10001100001011001011 (base 2) to base 13
-17144a
Convert -77384 (base 13) to base 11.
-138252
101100102222 (base 3) to base 14
54350
15bd16 (base 15) to base 3
1222110212010
-1112313203 (base 4) to base 8
-1266743
-1615380 (base 11) to base 5
-1201301424
Convert 65587 (base 14) to base 11.
158344
What is 17772 (base 14) in base 6?
1133332
Convert -4924b68 (base 12) to base 10.
-14233472
-10001100000111010111 (base 2) to base 11
-362208
Convert 39794 (base 14) to base 6.
3010502
Convert -366463 (base 7) to base 12.
-32a1a
Convert 132023023 (base 4) to base 2.
11110001011001011
Convert -13b4b3 (base 12) to base 15.
-68009
Convert -250762 (base 9) to base 6.
-3125302
-1972715 (base 10) to base 9
-3636045
What is -3824314 (base 10) in base 6?
-213545054
What is -8059b (base 13) in base 12?
-b0959
-230240040 (base 5) to base 14
-1c9471
What is -22077771 (base 9) in base 8?
-50574241
What is 1011101101100101100101 (base 2) in base 7?
35045224
Convert 54480 (base 10) to base 8.
152320
Convert -113203123203 (base 4) to base 14.
-b6a231
55aa (base 13) to base 16
2ec2
What is 110101110011000000101 (base 2) in base 13?
4994b8
30369d (base 15) to base 7
25314436
Convert -100011011111110011 (base 2) to base 9.
-241400
What is 132141305 (base 6) in base 13?
70c37c
Convert 229150 (base 12) to base 4.
2013132030
-24413501 (base 8) to base 11
-3045003
What is -4a09712 (base 11) in base 16?
-84e5d9
What is -111553521 (base 6) in base 16?
-1f5139
310022223 (base 4) to base 2
110100001010101011
-1212232231 (base 4) to base 16
-66bad
What is 3113412 (base 6) in base 10?
149840
Convert -223241 (base 8) to base 15.
-17535
Convert 32231644 (base 7) to base 16.
29ec15
Convert -6783289 (base 10) to base 11.
-3913427
Convert dc707 (base 16) to base 10.
902919
Convert -4021742 (base 11) to base 14.
-d33d0a
Convert -100110010010001 (base 2) to base 10.
-19601
What is 704d (base 16) in base 10?
28749
-1352e (base 15) to base 6
-1154355
What is 142500042 (base 6) in base 5?
1222302303
Convert 232141021 (base 5) to base 4.
10000333130
Convert 7239052 (base 10) to base 8.
33472614
1202222002201 (base 3) to base 16
e6800
What is -110011111101011110011001 (base 2) in base 8?
-63753631
92823 (base 11) to base 7
1102552
Convert 88334 (base 11) to base 16.
1f4b0
-42832c (base 13) to base 10
-1560415
Convert -85496 (base 16) to base 12.
-223b32
25051231 (base 6) to base 5
201044224
20102020212 (base 3) to base 5
13020202
5873151 (base 9) to base 10
3177838
What is -136c7 (base 16) in base 8?
-233307
What is -139836 (base 10) in base 16?
-2223c
What is -3a9e44 (base 16) in base 6?
-214201112
What is 1343643 (base 8) in base 7?
3135223
-1521087 (base 10) to base 11
-9498a7
What is -5287b (base 15) in base 10?
-261791
What is -34034441 (base 5) in base 7?
-2354542
What is -99088 (base 14) in base 12?
-15a540
c314 (base 16) to base 6
1023112
What is -23601 (base 10) in base 15?
-6ed6
What is -20236 (base 12) in base 8?
-121512
Convert 403212310 (base 6) to base 9.
13838766
What is -132412224 (base 6) in base 15?
-373d71
Convert 331424235 (base 6) to base 3.
102012210112112
What is 155210 (base 6) in base 2?
11110000110110
What is 82119 (base 11) in base 12?
594a3
41509 (base 10) to base 12
20031
69600 (base 12) to base 13
4c143
What is -10110101110010000000 (base 2) in base 5?
-142311301
Convert 102323322 (base 4) to base 15.
17eac
What is -100010000111110110 (base 2) in base 3?
-21002201112
Convert 2715551 (base 8) to base 15.
1005c1
-496223 (base 14) to base 8
-11456007
2312600 (base 8) to base 7
5224120
-110202021 (base 4) to base 16
-14889
1010 (base 16) to base 4
1000100
What is 302362 (base 8) in base 9?
161523
What is 22131245 (base 6) in base 16?
a264d
-320454251 (base 6) to base 8
-25402227
What is c19f4a (base 16) in base 8?
60317512
What is -480b8 (base 15) in base 16?
-38129
Convert 100a35 (base 11) to base 15.
3314e
Convert -73ba20 (base 12) to base 5.
-431341004
-3103112332 (base 4) to base 15
-1217a1
Convert 11201301222 (base 4) to base 16.
161c6a
What is 3064417 (base 8) in base 7?
6625134
What is 40c94 (base 15) in base 6?
4222351
79021 (base 11) to base 8
337471
Convert -302103 (base 8) to base 6.
-2044055
-10012002100 (base 3) to base 11
-43172
d8595 (base 14) to base 7
4304145
Convert 303245 (base 6) to base 2.
101111000001101
Convert 155612 (base 7) to base 11.
21188
-a5009 (base 16) to base 12
-287149
Convert 2752c3 (base 15) to base 2.
111001101100101001001
What is 15bc8 (base 13) in base 15?
c4b4
Convert -1314152 (base 6) to base 9.
-120045
What is 1331333210 (base 4) in base 2?
1111101111111100100
-1010212001001 (base 3) to base 2
-10010100010000110101
Convert 2051c0 (base 13) to base 4.
2320003220
-7ff4ab (base 16) to base 8
-37772253
What is 2312307 (base 10) in base 7?
25440264
6653262 (base 7) to base 9
1478633
-76d057 (base 15) to base 12
-1a91484
What is -28a8 (base 13) in base 2?
-1011011111100
Convert -11022110011 (base 3) to base 16.
-14b9c
Convert -2644341 (base 7) to base 6.
-11235500
Convert 174b550 (base 12) to base 16.
49b54c
-1ffbc (base 16) to base 12
-63990
What is 5745225 (base 8) in base 6?
53230245
What is -68739 (base 10) in base 6?
-1250123
52232 (base 7) to base 13
5aa7
Convert -14742036 (base 8) to base 5.
-1332030132
Convert -3003220030 (base 5) to base 2.
-10110100011110010100101
Convert -252194a (base 11) to base 4.
-100231113211
Convert 1120300131 (base 4) to base 7.
3042624
Convert 9801048 (base 10) to base 3.
200102221111210
Convert -1544464 (base 7) to base 4.
-303332212
-1023332302 (base 4) to base 8
-1137662
-5414410 (base 7) to base 3
-1020111121001
What is -203456 (base 13) in base 14?
-157420
What is -102231300000 (base 4) in base 6?
-253052520
What is 100112111020 (base 3) in base 4?
231310332
What is -58b47 (base 12) in base 16?
-1d167
Convert aa8e8 (base 16) to base 5.
134323400
What is 122021210 (base 3) in base 9?
18253
Convert 1cc1c (base 16) to base 10.
117788
What is -1d8941 (base 16) in base 13?
-52a097
Convert 1310666 (base 9) to base 2.
10101110101110101111
What is -215981 (base 12) in base 13?
-1566a9
What is -9be35 (base 16) in base 7?
-5266365
Convert -10100133221 (base 4) to base 11.
-6a2630
-2221143 (base 8) to base 3
-1010102011101
Convert 7c405 (base 14) to base 5.
34141004
-263412 (base 8) to base 5
-10420124
Convert 21453163 (base 9) to base 3.
201111210012010
What is 4471bb (base 14) in base 13?
63507c
1021220022111 (base 3) to base 12
291657
Convert -652406 (base 9) to base 12.
-169073
338c68 (base 13) to base 12
4a9704
What is 113124130 (base 5) in base 13?
152c17
326d4c (base 16) to base 11
1957a26
809a (base 13) to base 9
26250
What is 2420764 (base 9) in base 2?
101000000100000111001
Convert -6cc43 (base 13) to base 15.
-3e30d
What is -11512121 (base 6) in base 11?
-230a13
10102012222201 (base 3) to base 2
110111011001010100010
515100 (base 6) to base 5
2310132
Convert -221526 (base 15) to base 2.
-110001100100111011000
Convert -726208 (base 13) to base 12.
-a88b71
Convert -27851a1 (base 11) to base 7.
-55516055
Convert -3585416 (base 10) to base 8.
-15532610
What is 2006244 (base 8) in base 4?
2000302210
Convert -156568 (base 10) to base 11.
-a76a5
What is -1011001000001101101011 (base 2) in base 14?
-55d1b5
What is 22000121101100 (base 3) in base 2?
10000010000111000101111
What is 6661143 (base 7) in base 9?
1481870
Convert 749a6e (base 15) to base 10.
5550854
Convert 110010011100111110000 (base 2) to base 12.
678894
-18516e (base 15) to base 7
-13020560
Convert -99788 (base 10) to base 6.
-2045552
Convert -1110111111101110000111 (base 2) to base 7.
-45261454
What is -231101301213 (base 4) in base 16?
-b51c67
Convert -2142278 (base 11) to base 13.
-a1b053
39a01 (base 12) to base 14
20c13
What is 101001111000010000001 (base 2) in base 9?
2521375
Convert -1001100101010100011110 (base 2) to base 14.
-49571c
-101101111101010001011 (base 2) to base 7
-15541320
Convert -1120303123 (base 5) to base 8.
-11445734
107040 (base 9) to base 2
1111101010111100
43773174 (base 8) to base 5
4403402443
What is 38b5ba (base 16) in base 11?
2109321
Convert 179894 (base 12) to base 7.
3330445
222